{"id":1105,"date":"2024-07-22T10:51:21","date_gmt":"2024-07-22T10:51:21","guid":{"rendered":"https:\/\/eldergida.com\/?page_id=1105"},"modified":"2024-07-22T12:23:50","modified_gmt":"2024-07-22T12:23:50","slug":"kvkk","status":"publish","type":"page","link":"https:\/\/eldergida.com\/index.php\/kvkk\/","title":{"rendered":"KVKK"},"content":{"rendered":"<p><strong>ELDER GIDA A.\u015e. K\u0130\u015e\u0130SEL VER\u0130LERE \u0130L\u0130\u015eK\u0130N AYDINLATMA METN\u0130<\/strong><\/p>\n<p>Elder G\u0131da A.\u015e. olarak (\u201cElder G\u0131da\u201d veya \u201c\u015eirket\u201d), ki\u015fisel verilerinizin g\u00fcvenli\u011finin sa\u011flanmas\u0131na b\u00fcy\u00fck \u00f6nem veriyoruz. Ki\u015fisel verileriniz, Elder G\u0131da taraf\u0131ndan, 6698 say\u0131l\u0131 Ki\u015fisel Verilerin Korunmas\u0131 Kanunu\u2019nda (\u201cKVKK\u201d) yer alan temel ilkelere ve ki\u015fisel veri i\u015fleme \u015fartlar\u0131na uygun olarak i\u015flenmekte, muhafaza edilmekte ve korunmaktad\u0131r. Bu ama\u00e7la, verilerin korunmas\u0131 i\u00e7in her t\u00fcrl\u00fc \u00f6nlemi alan ve azami hassasiyet g\u00f6steren bir \u015firket olarak, ki\u015fisel verilerinizin i\u015flenmesi hususunda sizleri bilgilendirmek isteriz.<\/p>\n<ol>\n<li><strong>Ki\u015fisel Verileri \u0130\u015fleme \u0130lkelerimiz<\/strong><\/li>\n<\/ol>\n<p>Ki\u015fisel verileriniz taraf\u0131m\u0131zca a\u015fa\u011f\u0131daki ilkeler \u0131\u015f\u0131\u011f\u0131nda i\u015flenmektedir:<\/p>\n<p>a) Hukuka ve d\u00fcr\u00fcstl\u00fck kurallar\u0131na uygun olma,<\/p>\n<p>b) Do\u011fru ve gerekti\u011finde g\u00fcncel olma,<\/p>\n<p>c) Belirli, a\u00e7\u0131k ve me\u015fru ama\u00e7lar i\u00e7in i\u015flenme,<\/p>\n<p>\u00e7) \u0130\u015flendikleri ama\u00e7la ba\u011flant\u0131l\u0131, s\u0131n\u0131rl\u0131 ve \u00f6l\u00e7\u00fcl\u00fc olma,<\/p>\n<p>d) \u0130lgili mevzuatta \u00f6ng\u00f6r\u00fclen veya i\u015flendikleri ama\u00e7 i\u00e7in gerekli olan s\u00fcre kadar muhafaza edilme.<\/p>\n<ol start=\"2\">\n<li><strong>Ayd\u0131nlatma Y\u00fck\u00fcml\u00fcl\u00fc\u011f\u00fc<\/strong><\/li>\n<\/ol>\n<p>KVKK Madde 10, veri sorumlular\u0131na, verileri i\u015flenen ilgili ki\u015filerin bu hususta onaylar\u0131 al\u0131n\u0131rken ayd\u0131nlatma y\u00fck\u00fcml\u00fcl\u00fc\u011f\u00fcn\u00fcn yerine getirilmesini aramaktad\u0131r. \u0130lgili madde kapsam\u0131nda \u201cveri sorumlusu\u201d s\u0131fat\u0131n\u0131 haiz Elder G\u0131da, \u201cilgili ki\u015fileri\u201d:<\/p>\n<p>a) veri sorumlusunun ve varsa temsilcisinin kimli\u011fi,<\/p>\n<p>b) ki\u015fisel verilerin hangi ama\u00e7larla i\u015flendi\u011fi,<\/p>\n<p>c) i\u015flenen ki\u015fisel verilerin kimlere ve hangi ama\u00e7la aktar\u0131labilece\u011fi,<\/p>\n<p>d) ki\u015fisel verilerin toplanmas\u0131n\u0131n y\u00f6ntem ve hukuki sebepleri,<\/p>\n<p>e) ilgili ki\u015finin KVKK Madde 11 uyar\u0131nca veri sorumlusuna y\u00f6neltebilece\u011fi haklar\u0131<\/p>\n<p>konusunda bilgilendirmektedir.<\/p>\n<p>S\u00f6z konusu bilgilendirme, i\u015fbu Ayd\u0131nlatma Metni ile ger\u00e7ekle\u015ftirilmekte olup a\u00e7\u0131klamalar\u0131m\u0131z a\u015fa\u011f\u0131da yer almaktad\u0131r.<\/p>\n<ol start=\"3\">\n<li><strong>Veri Sorumlusunun Kimli\u011fi<\/strong><\/li>\n<\/ol>\n<p>KVKK Madde 3\/1 (\u0131) bendi uyar\u0131nca, veri sorumlusu \u2018Ki\u015fisel verilerin i\u015fleme ama\u00e7lar\u0131n\u0131 ve vas\u0131talar\u0131n\u0131 belirleyen, veri kay\u0131t sisteminin kurulmas\u0131ndan ve y\u00f6netilmesinden sorumlu olan ger\u00e7ek veya t\u00fczel ki\u015filer\u2019 olarak tan\u0131mlanmaktad\u0131r. Bu ba\u011flamda, \u015eirket veri sorumlusu s\u0131fat\u0131n\u0131 ta\u015f\u0131makta olup ki\u015fisel verilerinizle ilgili olarak Elder G\u0131da ile ileti\u015fime ge\u00e7ilebilmesi amac\u0131yla \u015eirket\u2019e ait bilgiler a\u015fa\u011f\u0131da payla\u015f\u0131lmaktad\u0131r:<\/p>\n<p><strong>Elder G\u0131da A.\u015e.<\/strong><\/p>\n<p><strong>Adres<\/strong>: Alt\u0131nova Sinan, Turan Sk. No:14, 07170 Kepez\/ANTALYA<\/p>\n<p><strong>E-posta adresi<\/strong>: info@eldergida.com<\/p>\n<p><strong>Telefon<\/strong>: <span class=\"elementor-icon-list-text\">0242 340 00 41<\/span><\/p>\n<ol start=\"4\">\n<li><strong>Ki\u015fisel Verilerin \u0130\u015flenmesi ve Ama\u00e7lar\u0131<\/strong><\/li>\n<\/ol>\n<p>Ki\u015fisel verileriniz, ancak a\u00e7\u0131k r\u0131zan\u0131z ya da a\u015fa\u011f\u0131da belirtilen kanuna uygunluk hallerinden birinin varl\u0131\u011f\u0131 halinde i\u015flenmektedir. Bunlar;<\/p>\n<ul>\n<li>Kanunlarda a\u00e7\u0131k\u00e7a \u00f6ng\u00f6r\u00fclmesi,<\/li>\n<li>Fiili imk\u00e2ns\u0131zl\u0131k nedeniyle r\u0131zas\u0131n\u0131 a\u00e7\u0131klayamayacak durumda bulunan veya r\u0131zas\u0131na hukuki ge\u00e7erlilik tan\u0131nmayan ki\u015finin, kendisinin ya da bir ba\u015fkas\u0131n\u0131n hayat\u0131 veya beden b\u00fct\u00fcnl\u00fc\u011f\u00fcn\u00fcn korunmas\u0131 i\u00e7in zorunlu olmas\u0131,<\/li>\n<li>Bir s\u00f6zle\u015fmenin kurulmas\u0131 veya ifas\u0131yla do\u011frudan do\u011fruya ilgili olmas\u0131 kayd\u0131yla, s\u00f6zle\u015fmenin taraflar\u0131na ait ki\u015fisel verilerin i\u015flenmesinin gerekli olmas\u0131,<\/li>\n<li>Veri sorumlusunun hukuki y\u00fck\u00fcml\u00fcl\u00fc\u011f\u00fcn\u00fc yerine getirebilmesi i\u00e7in zorunlu olmas\u0131,<\/li>\n<li>\u0130lgili ki\u015finin kendisi taraf\u0131ndan alenile\u015ftirilmi\u015f olmas\u0131,<\/li>\n<li>Bir hakk\u0131n tesisi, kullan\u0131lmas\u0131 veya korunmas\u0131 i\u00e7in veri i\u015flemenin zorunlu olmas\u0131,<\/li>\n<li>\u0130lgili ki\u015finin temel hak ve \u00f6zg\u00fcrl\u00fcklerine zarar vermemek kayd\u0131yla, veri sorumlusunun me\u015fru menfaatleri i\u00e7in veri i\u015flenmesinin zorunlu olmas\u0131.<\/li>\n<\/ul>\n<p>Bu do\u011frultuda, \u015eirket taraf\u0131ndan \u00e7al\u0131\u015fanlar ile akdedilen i\u015f s\u00f6zle\u015fmelerinin ifas\u0131, \u00e7al\u0131\u015fanlar, \u00e7al\u0131\u015fan adaylar\u0131 ve stajyerler a\u00e7\u0131s\u0131ndan \u015eirket\u2019in me\u015fru menfaatleri i\u00e7in veri i\u015flenmesinin zorunlu olmas\u0131 ve 4857 say\u0131l\u0131 \u0130\u015f Kanunu, 6098 say\u0131l\u0131 T\u00fcrk Bor\u00e7lar Kanunu, 5510 say\u0131l\u0131 Sosyal Sigortalar ve Sa\u011fl\u0131k Sigortas\u0131 Kanunu ve sair mevzuattan kaynaklanan edimlerin yerine getirilmesi amac\u0131yla ki\u015fisel veriler i\u015flenmektedir.<\/p>\n<p>Ayr\u0131ca, 6102 say\u0131l\u0131 T\u00fcrk Ticaret Kanunu, 6098 say\u0131l\u0131 T\u00fcrk Bor\u00e7lar Kanunu ve sair mevzuattan kaynaklanan y\u00fck\u00fcml\u00fcl\u00fckler ve \u015eirket\u2019in operasyonel faaliyetlerinin yerine getirilebilmesi i\u00e7in akdedilen s\u00f6zle\u015fmelerin ifas\u0131 amac\u0131yla \u015eirket\u2019in i\u015f ve faaliyetleri ile ilgili olan tedarik\u00e7iler, bayii, y\u00fckleniciler, arac\u0131lar, ortak giri\u015fim hissedarlar\u0131, broker\u2019lar, temsilciler, distrib\u00fct\u00f6rler ve di\u011fer hizmet sa\u011flay\u0131c\u0131lar\u0131 da d\u00e2hil olmak \u00fczere Elder G\u0131da\u2019n\u0131n ortak i\u015f yapt\u0131\u011f\u0131 veya hizmet ald\u0131\u011f\u0131 her t\u00fcrl\u00fc ger\u00e7ek ve t\u00fczel ki\u015fi (\u201c\u0130\u015f Ortaklar\u0131\u201d) ve i\u015f ortaklar\u0131n\u0131n \u00e7al\u0131\u015fanlar\u0131na ait birtak\u0131m ki\u015fisel veriler de i\u015flenebilmektedir. \u015e\u00fcpheye mahal vermemek ad\u0131na Elder G\u0131da taraf\u0131ndan ger\u00e7ekle\u015ftirilen veri i\u015fleme faaliyetleri kapsam\u0131na yurt i\u00e7inden veya yurt d\u0131\u015f\u0131ndan malzeme ve\/veya hizmet al\u0131m\u0131 i\u00e7in fatura ve serbest meslek makbuzu kesilmesi, \u00fc\u00e7\u00fcnc\u00fc ki\u015filerle dan\u0131\u015fmanl\u0131k s\u00f6zle\u015fmeleri akdedilmesi ile \u015eirket\u2019in taraf oldu\u011fu davalar\u0131n kay\u0131tlar\u0131n\u0131n tutulmas\u0131 da girmekte olup bu faaliyetler s\u0131ras\u0131nda da ki\u015fisel veriler i\u015flenmektedir.<\/p>\n<p>Yukar\u0131da belirtilen ama\u00e7lar dahilinde veri i\u015flenebilmesi i\u00e7in \u015firket taraf\u0131ndan veri sahiplerinin a\u00e7\u0131k r\u0131zas\u0131 al\u0131nmakta olup kanunen a\u00e7\u0131k r\u0131za al\u0131nmas\u0131 gerekmeyen durumlarda veri i\u015fleme \u015fartlar\u0131na uygun olarak veri i\u015fleme faaliyeti ger\u00e7ekle\u015ftirilmektedir.<\/p>\n<p>KVKK Madde 6 kapsam\u0131nda ise ilgili ki\u015fileri ayr\u0131mc\u0131l\u0131\u011fa tabi tutabilecek ve bu nedenle daha hassas korumay\u0131 gerektiren \u00f6zel nitelikli ki\u015fisel veriler say\u0131lm\u0131\u015ft\u0131r. \u0130lgili h\u00fck\u00fcm uyar\u0131nca bu veriler; \u0131rk, etnik k\u00f6ken, siyasi d\u00fc\u015f\u00fcnce, felsefi inan\u00e7, din, mezhep veya di\u011fer inan\u00e7, k\u0131l\u0131k ve k\u0131yafet, dernek, vak\u0131f ya da sendika \u00fcyeli\u011fi, sa\u011fl\u0131k, cinsel hayat, ceza mahk\u00fbmiyeti ve g\u00fcvenlik tedbirleriyle ilgili veriler ile biyometrik ve genetik verilerdir.<\/p>\n<p>Say\u0131lan bu verilerden sa\u011fl\u0131k ve cinsel hayata ili\u015fkin veriler ancak a\u00e7\u0131k r\u0131za ile i\u015flenebilecek olup; sa\u011fl\u0131k ve cinsel hayat d\u0131\u015f\u0131ndaki ki\u015fisel veriler, kanunlarda \u00f6ng\u00f6r\u00fclen h\u00e2llerde ilgili ki\u015finin a\u00e7\u0131k r\u0131zas\u0131 aranmaks\u0131z\u0131n i\u015flenebilir.<\/p>\n<p>Sa\u011fl\u0131k ve cinsel hayata ili\u015fkin veriler ise ancak kamu sa\u011fl\u0131\u011f\u0131n\u0131n korunmas\u0131, koruyucu hekimlik, t\u0131bb\u00ee te\u015fhis, tedavi ve bak\u0131m hizmetlerinin y\u00fcr\u00fct\u00fclmesi, sa\u011fl\u0131k hizmetleri ile finansman\u0131n\u0131n planlanmas\u0131 ve y\u00f6netimi amac\u0131yla, s\u0131r saklama y\u00fck\u00fcml\u00fcl\u00fc\u011f\u00fc alt\u0131nda bulunan ki\u015filer veya yetkili kurum ve kurulu\u015flar taraf\u0131ndan ilgilinin a\u00e7\u0131k r\u0131zas\u0131 aranmaks\u0131z\u0131n i\u015flenebilir.<\/p>\n<p>\u015eirket taraf\u0131ndan sadece i\u015fe giri\u015f a\u015famas\u0131nda kanunlarda a\u00e7\u0131k\u00e7a \u00f6ng\u00f6r\u00fclmesi nedeniyle \u00e7al\u0131\u015fanlar\u0131na ve \u00e7al\u0131\u015fan adaylar\u0131na ait heyet raporu, a\u011f\u0131r ve tehlikeli i\u015flerde \u00e7al\u0131\u015fabilir raporu gibi sa\u011fl\u0131k verileri ve savc\u0131l\u0131k belgesi ile adli sicil kay\u0131tlar\u0131 temin edilmekte olup bunun d\u0131\u015f\u0131nda \u00f6zel nitelikli ki\u015fisel veri i\u015flenmemektedir.<\/p>\n<ol start=\"5\">\n<li><strong>\u0130\u015flenen Ki\u015fisel Verilerin Kimlere ve Hangi Ama\u00e7la Aktar\u0131labilece\u011fi<\/strong><\/li>\n<\/ol>\n<p>Ki\u015fisel verileriniz, yukar\u0131da s\u0131ralanan ama\u00e7lar kapsam\u0131nda ve \u015eirket\u2019in kanuni y\u00fck\u00fcml\u00fcl\u00fcklerini yerine getirmesi i\u00e7in gerekli olan hallerde i\u015f ortaklar\u0131, kamu t\u00fczel ki\u015fileri ve adli merciler ile payla\u015f\u0131labilmektedir.<\/p>\n<p>Ki\u015fisel verilerinizin payla\u015f\u0131lmas\u0131nda, KVKK Madde 8 ve 9\u2019da yer alan d\u00fczenlemelere uyulmakta ve payla\u015fma s\u00fcreci boyunca ve sonras\u0131nda veri g\u00fcvenli\u011finin sa\u011flanmas\u0131 i\u00e7in her t\u00fcrl\u00fc teknik ve idari tedbir al\u0131nmaktad\u0131r.<\/p>\n<p>KVKK Madde 5\/2 kapsam\u0131nda \u00f6ng\u00f6r\u00fclen i\u015fleme \u015fartlar\u0131ndan en az birinin varl\u0131\u011f\u0131 halinde veya ilgili ki\u015finin a\u00e7\u0131k r\u0131zas\u0131n\u0131n bulunmas\u0131 durumunda \u015eirket taraf\u0131ndan ki\u015fisel veriler \u00fc\u00e7\u00fcnc\u00fc ki\u015filere aktar\u0131labilecektir.<\/p>\n<ol start=\"6\">\n<li><strong>Ki\u015fisel Verilerin Toplanma Y\u00f6ntemi ve Hukuki Sebebi<\/strong><\/li>\n<\/ol>\n<p>Ki\u015fisel verileriniz, \u015eirket\u2019in kanuni y\u00fck\u00fcml\u00fcl\u00fcklerini yerine getirebilmesi ve \u015eirket ile akdedilen s\u00f6zle\u015fmelerin ifa edilebilmesi amac\u0131yla \u015eirketimiz, \u015eirketimize ba\u011fl\u0131 birimler, internet sitesi, \u00e7a\u011fr\u0131 merkezi, sosyal medya mecralar\u0131, mobil uygulamalar, \u015eirket\u2019e ait di\u011fer dijital ve fiziki kanallar arac\u0131l\u0131\u011f\u0131 ile ve benzeri vas\u0131talar ile toplanmakta olup otomatik ya da otomatik olmayan y\u00f6ntemlerle toplanabilmektedir.<\/p>\n<p>Yine ki\u015fisel verileriniz, fiziksel ya da elektronik ortamda toplanmakta olup KVKK\u2019n\u0131n 5. ve 6. maddelerinde belirtilen ki\u015fisel veri i\u015fleme \u015fartlar\u0131 \u00e7er\u00e7evesinde ve i\u015fbu metinde yer alan ama\u00e7larla i\u015flenebilmekte ve aktar\u0131labilmektedir.<\/p>\n<p>\u015eirket, me\u015fru menfaatleri do\u011frultusunda ki\u015fisel verilerinizi toplayabilir. Ancak, bu durumda \u015eirket\u2019in me\u015fru menfaati ile ki\u015fisel verilerinizin korunmas\u0131 hakk\u0131 aras\u0131nda denge g\u00f6zetilmektedir.<\/p>\n<p>\u015eirket taraf\u0131ndan; \u015eirket internet sitesine ziyaret ger\u00e7ekle\u015ftirilmesi veya internet sitesi \u00fczerindeki formlar\u0131n doldurulmas\u0131, internet sitesi, sosyal medya hesaplar\u0131 ve Google, LinkedIn, Instagram ve Twitter gibi mecralar \u00fczerinden yap\u0131lan faaliyetler neticesinde \u015eirket ile ileti\u015fime ge\u00e7ilmesi durumunda internet sitesi ziyaret\u00e7ilerine, sosyal medya kullan\u0131c\u0131lar\u0131na ait birtak\u0131m ki\u015fisel veriler i\u015flenmektedir.<\/p>\n<ol start=\"7\">\n<li><strong>Ki\u015fisel Veri Sahibinin KVKK Kapsam\u0131ndaki Haklar\u0131 ve Bu Haklar\u0131n Kullan\u0131lmas\u0131<\/strong><\/li>\n<\/ol>\n<p>KVKK Madde 11 kapsam\u0131nda sahip oldu\u011funuz haklar\u0131n\u0131z a\u015fa\u011f\u0131da s\u0131ralanmaktad\u0131r:<\/p>\n<p>a) Ki\u015fisel verilerinizin i\u015flenip i\u015flenmedi\u011fini \u00f6\u011frenme,<\/p>\n<p>b) Ki\u015fisel verileriniz i\u015flenmi\u015fse buna ili\u015fkin bilgi talep etme,<\/p>\n<p>c) Ki\u015fisel verilerinizin i\u015flenme amac\u0131n\u0131 ve bunlar\u0131n amac\u0131na uygun kullan\u0131l\u0131p kullan\u0131lmad\u0131\u011f\u0131n\u0131 \u00f6\u011frenme,<\/p>\n<p>\u00e7) Yurt i\u00e7inde veya yurt d\u0131\u015f\u0131nda ki\u015fisel verilerinizin aktar\u0131ld\u0131\u011f\u0131 \u00fc\u00e7\u00fcnc\u00fc ki\u015fileri bilme,<\/p>\n<p>d) Ki\u015fisel verilerinizin eksik veya yanl\u0131\u015f i\u015flenmi\u015f olmas\u0131 halinde bunlar\u0131n d\u00fczeltilmesini isteme,<\/p>\n<p>e) KVKK Madde 7 kapsam\u0131nda ki\u015fisel verilerinizin silinmesini veya yok edilmesini isteme,<\/p>\n<p>f) Ki\u015fisel verilerinizin eksik veya yanl\u0131\u015f i\u015flenmi\u015f olmas\u0131 halinde yap\u0131lan d\u00fczeltme, silme veya yok edilme i\u015flemlerinin, ki\u015fisel verilerinizin aktar\u0131ld\u0131\u011f\u0131 \u00fc\u00e7\u00fcnc\u00fc ki\u015filere bildirilmesini isteme,<\/p>\n<p>g) \u0130\u015flenen verilerinizin m\u00fcnhas\u0131ran otomatik sistemler vas\u0131tas\u0131yla analiz edilmesi suretiyle aleyhinize bir sonucun ortaya \u00e7\u0131kmas\u0131na itiraz etme,<\/p>\n<p>\u011f) Ki\u015fisel verilerinizin kanuna ayk\u0131r\u0131 olarak i\u015flenmesi sebebiyle zarara u\u011framan\u0131z halinde zarar\u0131n giderilmesini talep etme.<\/p>\n<p>Yukar\u0131da belirtilen haklar\u0131n\u0131z\u0131 kullanmak i\u00e7in \u015eirket\u2019e yaz\u0131l\u0131 olarak ba\u015fvurabilir veya \u015eirket\u2019in belirtilen e-posta adresine e-posta g\u00f6nderebilirsiniz. Ba\u015fvurunuzda kimli\u011finizi tevsik edici gerekli bilgiler ile talebinizin i\u00e7eri\u011fine y\u00f6nelik bilgi ve belgeleri eksiksiz ve do\u011fru bir \u015fekilde \u015eirket\u2019e sunman\u0131z gerekmektedir.<\/p>\n<p><strong>Ba\u015fvuru Yollar\u0131 ve Ba\u015fvuru S\u00fcreci:<\/strong><\/p>\n<p>Ba\u015fvurular\u0131n\u0131z\u0131 \u015eirket\u2019e ait a\u015fa\u011f\u0131da yer alan ileti\u015fim bilgileri vas\u0131tas\u0131yla yapabilirsiniz:<\/p>\n<p><strong>Elder G\u0131da A.\u015e.<\/strong><\/p>\n<p><strong>Adres<\/strong>: Alt\u0131nova Sinan, Turan Sk. No:14, 07170 Kepez\/ANTALYA<\/p>\n<p><strong>E-posta adresi<\/strong>: info@eldergida.com<\/p>\n<p><strong>Telefon<\/strong>: <span class=\"elementor-icon-list-text\">0242 340 00 41<\/span><\/p>\n<p>\u015eirket, talebin niteli\u011fine g\u00f6re en k\u0131sa s\u00fcrede ve en ge\u00e7 otuz g\u00fcn i\u00e7inde \u00fccretsiz olarak talebi sonu\u00e7land\u0131r\u0131r. Ancak, i\u015flemin ayr\u0131ca bir maliyet gerektirmesi halinde, Ki\u015fisel Verileri Koruma Kurulu taraf\u0131ndan belirlenen tarifedeki \u00fccret al\u0131nabilir.<\/p>\n<p><strong>Veri G\u00fcvenli\u011fi:<\/strong><\/p>\n<p>Elder G\u0131da, ki\u015fisel verilerinizi koruma amac\u0131yla en y\u00fcksek g\u00fcvenlik \u00f6nlemlerini uygulamakta olup, ki\u015fisel verilerinizin korunmas\u0131 i\u00e7in her t\u00fcrl\u00fc teknik ve idari tedbirler al\u0131nmaktad\u0131r.<\/p>\n","protected":false},"excerpt":{"rendered":"<p>ELDER GIDA A.\u015e. K\u0130\u015e\u0130SEL VER\u0130LERE \u0130L\u0130\u015eK\u0130N AYDINLATMA METN\u0130 Elder G\u0131da A.\u015e. olarak (\u201cElder G\u0131da\u201d veya \u201c\u015eirket\u201d), ki\u015fisel verilerinizin g\u00fcvenli\u011finin sa\u011flanmas\u0131na b\u00fcy\u00fck \u00f6nem veriyoruz. Ki\u015fisel verileriniz, [&hellip;]<\/p>\n","protected":false},"author":1,"featured_media":0,"parent":0,"menu_order":0,"comment_status":"closed","ping_status":"closed","template":"template-fullwide.php","meta":{"_themeisle_gutenberg_block_has_review":false,"footnotes":""},"class_list":["post-1105","page","type-page","status-publish","hentry"],"_links":{"self":[{"href":"https:\/\/eldergida.com\/index.php\/wp-json\/wp\/v2\/pages\/1105","targetHints":{"allow":["GET"]}}],"collection":[{"href":"https:\/\/eldergida.com\/index.php\/wp-json\/wp\/v2\/pages"}],"about":[{"href":"https:\/\/eldergida.com\/index.php\/wp-json\/wp\/v2\/types\/page"}],"author":[{"embeddable":true,"href":"https:\/\/eldergida.com\/index.php\/wp-json\/wp\/v2\/users\/1"}],"replies":[{"embeddable":true,"href":"https:\/\/eldergida.com\/index.php\/wp-json\/wp\/v2\/comments?post=1105"}],"version-history":[{"count":3,"href":"https:\/\/eldergida.com\/index.php\/wp-json\/wp\/v2\/pages\/1105\/revisions"}],"predecessor-version":[{"id":1137,"href":"https:\/\/eldergida.com\/index.php\/wp-json\/wp\/v2\/pages\/1105\/revisions\/1137"}],"wp:attachment":[{"href":"https:\/\/eldergida.com\/index.php\/wp-json\/wp\/v2\/media?parent=1105"}],"curies":[{"name":"wp","href":"https:\/\/api.w.org\/{rel}","templated":true}]}}