{"id":1103,"date":"2024-07-22T10:50:54","date_gmt":"2024-07-22T10:50:54","guid":{"rendered":"https:\/\/eldergida.com\/?page_id=1103"},"modified":"2025-11-04T07:41:14","modified_gmt":"2025-11-04T07:41:14","slug":"elder-akademi","status":"publish","type":"page","link":"https:\/\/eldergida.com\/index.php\/elder-akademi\/","title":{"rendered":"Elder Akademi"},"content":{"rendered":"<div data-elementor-type=\"wp-page\" data-elementor-id=\"1103\" class=\"elementor elementor-1103\">\n\t\t\t\t<div class=\"elementor-element elementor-element-759f172 e-flex e-con-boxed e-con e-parent\" data-id=\"759f172\" data-element_type=\"container\">\n\t\t\t\t\t<div class=\"e-con-inner\">\n\t\t\t\t<div class=\"elementor-element elementor-element-5e7da5b elementor-widget elementor-widget-image\" data-id=\"5e7da5b\" data-element_type=\"widget\" data-widget_type=\"image.default\">\n\t\t\t\t<div class=\"elementor-widget-container\">\n\t\t\t<style>\/*! elementor - v3.23.0 - 15-07-2024 *\/\n.elementor-widget-image{text-align:center}.elementor-widget-image a{display:inline-block}.elementor-widget-image a img[src$=\".svg\"]{width:48px}.elementor-widget-image img{vertical-align:middle;display:inline-block}<\/style>\t\t\t\t\t\t\t\t\t\t<noscript><img fetchpriority=\"high\" decoding=\"async\" width=\"640\" height=\"588\" src=\"https:\/\/eldergida.com\/wp-content\/uploads\/2025\/11\/ELDER-GIDA-e1762241960162.png\" class=\"attachment-large size-large wp-image-1291\" alt srcset=\"https:\/\/eldergida.com\/wp-content\/uploads\/2025\/11\/ELDER-GIDA-e1762241960162.png 1024w, https:\/\/eldergida.com\/wp-content\/uploads\/2025\/11\/ELDER-GIDA-e1762241960162-300x275.png 300w, https:\/\/eldergida.com\/wp-content\/uploads\/2025\/11\/ELDER-GIDA-e1762241960162-768x705.png 768w, https:\/\/eldergida.com\/wp-content\/uploads\/2025\/11\/ELDER-GIDA-e1762241960162-600x551.png 600w\" sizes=\"(max-width: 640px) 100vw, 640px\"><\/noscript><img fetchpriority=\"high\" decoding=\"async\" width=\"640\" height=\"588\" src=\"data:image\/svg+xml,%3Csvg%20xmlns%3D%22http%3A%2F%2Fwww.w3.org%2F2000%2Fsvg%22%20viewBox%3D%220%200%20640%20588%22%3E%3C%2Fsvg%3E\" class=\"attachment-large size-large wp-image-1291 lazyload\" alt srcset=\"data:image\/svg+xml,%3Csvg%20xmlns%3D%22http%3A%2F%2Fwww.w3.org%2F2000%2Fsvg%22%20viewBox%3D%220%200%20640%20588%22%3E%3C%2Fsvg%3E 640w\" sizes=\"(max-width: 640px) 100vw, 640px\" data-srcset=\"https:\/\/eldergida.com\/wp-content\/uploads\/2025\/11\/ELDER-GIDA-e1762241960162.png 1024w, https:\/\/eldergida.com\/wp-content\/uploads\/2025\/11\/ELDER-GIDA-e1762241960162-300x275.png 300w, https:\/\/eldergida.com\/wp-content\/uploads\/2025\/11\/ELDER-GIDA-e1762241960162-768x705.png 768w, https:\/\/eldergida.com\/wp-content\/uploads\/2025\/11\/ELDER-GIDA-e1762241960162-600x551.png 600w\" data-src=\"https:\/\/eldergida.com\/wp-content\/uploads\/2025\/11\/ELDER-GIDA-e1762241960162.png\" loading=\"lazy\">\t\t\t\t\t\t\t\t\t\t\t\t\t<\/div>\n\t\t\t\t<\/div>\n\t\t\t\t\t<\/div>\n\t\t\t\t<\/div>\n\t\t<div class=\"elementor-element elementor-element-77eda4f e-flex e-con-boxed e-con e-parent\" data-id=\"77eda4f\" data-element_type=\"container\">\n\t\t\t\t\t<div class=\"e-con-inner\">\n\t\t\t\t<div class=\"elementor-element elementor-element-f58c14e elementor-widget elementor-widget-heading\" data-id=\"f58c14e\" data-element_type=\"widget\" data-widget_type=\"heading.default\">\n\t\t\t\t<div class=\"elementor-widget-container\">\n\t\t\t<style>\/*! elementor - v3.23.0 - 15-07-2024 *\/\n.elementor-heading-title{padding:0;margin:0;line-height:1}.elementor-widget-heading .elementor-heading-title[class*=elementor-size-]>a{color:inherit;font-size:inherit;line-height:inherit}.elementor-widget-heading .elementor-heading-title.elementor-size-small{font-size:15px}.elementor-widget-heading .elementor-heading-title.elementor-size-medium{font-size:19px}.elementor-widget-heading .elementor-heading-title.elementor-size-large{font-size:29px}.elementor-widget-heading .elementor-heading-title.elementor-size-xl{font-size:39px}.elementor-widget-heading .elementor-heading-title.elementor-size-xxl{font-size:59px}<\/style><h2 class=\"elementor-heading-title elementor-size-default\">Elder Akademi \u2013 Deneyimden Do\u011fan Bilgi<\/h2>\t\t<\/div>\n\t\t\t\t<\/div>\n\t\t\t\t<div class=\"elementor-element elementor-element-a2e0fb2 elementor-widget elementor-widget-text-editor\" data-id=\"a2e0fb2\" data-element_type=\"widget\" data-widget_type=\"text-editor.default\">\n\t\t\t\t<div class=\"elementor-widget-container\">\n\t\t\t<style>\/*! elementor - v3.23.0 - 15-07-2024 *\/\n.elementor-widget-text-editor.elementor-drop-cap-view-stacked .elementor-drop-cap{background-color:#69727d;color:#fff}.elementor-widget-text-editor.elementor-drop-cap-view-framed .elementor-drop-cap{color:#69727d;border:3px solid;background-color:transparent}.elementor-widget-text-editor:not(.elementor-drop-cap-view-default) .elementor-drop-cap{margin-top:8px}.elementor-widget-text-editor:not(.elementor-drop-cap-view-default) .elementor-drop-cap-letter{width:1em;height:1em}.elementor-widget-text-editor .elementor-drop-cap{float:left;text-align:center;line-height:1;font-size:50px}.elementor-widget-text-editor .elementor-drop-cap-letter{display:inline-block}<\/style>\t\t\t\t<p data-start=\"148\" data-end=\"452\">Elder Akademi olarak i\u00e7ki sekt\u00f6r\u00fcndeki uzun y\u0131llara dayanan deneyimimizi, sekt\u00f6re de\u011fer katmak isteyen herkesle payla\u015fmak i\u00e7in yola \u00e7\u0131kt\u0131k. Y\u0131llar boyunca edindi\u011fimiz bilgi birikimi, operasyonel deneyim ve sekt\u00f6rel bak\u0131\u015f a\u00e7\u0131s\u0131n\u0131 \u015fimdi e\u011fitim, at\u00f6lye ve mentorluk programlar\u0131m\u0131zla bir araya getiriyoruz.<\/p><p data-start=\"454\" data-end=\"847\">\u0130\u00e7ki sekt\u00f6r\u00fc, yaln\u0131zca \u00fcretimden ibaret de\u011fildir; k\u00fclt\u00fcr, ileti\u015fim, kalite ve s\u00fcrd\u00fcr\u00fclebilirlik gibi bir\u00e7ok alan\u0131 i\u00e7inde bar\u0131nd\u0131r\u0131r. Biz de Elder olarak, bu \u00e7ok y\u00f6nl\u00fc yap\u0131n\u0131n her katman\u0131nda deneyim kazanm\u0131\u015f bir ekibin bilgeli\u011fini, yeni nesil profesyonellere aktar\u0131yoruz. Amac\u0131m\u0131z, sekt\u00f6rde fark yaratmak isteyen bireylerin hem teorik bilgiye hem de pratik donan\u0131ma sahip olmalar\u0131n\u0131 sa\u011flamak.<\/p><p data-start=\"849\" data-end=\"1094\">Elder Akademi, sekt\u00f6rdeki profesyonellerin, giri\u015fimcilerin ve markalar\u0131n bulu\u015fma noktas\u0131d\u0131r. Burada bilgi, deneyim ve vizyon payla\u015f\u0131l\u0131r \u2014 \u00e7\u00fcnk\u00fc biz biliyoruz ki, geli\u015fim payla\u015f\u0131mla m\u00fcmk\u00fcn olur.<\/p><p data-start=\"1096\" data-end=\"1238\">\u0130\u00e7ki sekt\u00f6r\u00fcnde k\u00f6kl\u00fc bir ge\u00e7mi\u015ften gelen bilgi birikimimizi seninle payla\u015fmaya haz\u0131r\u0131z.<br data-start=\"1184\" data-end=\"1187\"><br><\/p>\t\t\t\t\t\t<\/div>\n\t\t\t\t<\/div>\n\t\t\t\t<div class=\"elementor-element elementor-element-19bd138 elementor-widget elementor-widget-button\" data-id=\"19bd138\" data-element_type=\"widget\" data-widget_type=\"button.default\">\n\t\t\t\t<div class=\"elementor-widget-container\">\n\t\t\t\t\t<div class=\"elementor-button-wrapper\">\n\t\t\t<a class=\"elementor-button elementor-button-link elementor-size-sm\" href=\"https:\/\/eldergida.com\/index.php\/iletisim\/\">\n\t\t\t\t\t\t<span class=\"elementor-button-content-wrapper\">\n\t\t\t\t\t\t\t\t\t<span class=\"elementor-button-text\">Hemen Bilgi Al<\/span>\n\t\t\t\t\t<\/span>\n\t\t\t\t\t<\/a>\n\t\t<\/div>\n\t\t\t\t<\/div>\n\t\t\t\t<\/div>\n\t\t\t\t\t<\/div>\n\t\t\t\t<\/div>\n\t\t\t\t<\/div>\n\t\t","protected":false},"excerpt":{"rendered":"<p>Elder Akademi \u2013 Deneyimden Do\u011fan Bilgi Elder Akademi olarak i\u00e7ki sekt\u00f6r\u00fcndeki uzun y\u0131llara dayanan deneyimimizi, sekt\u00f6re de\u011fer katmak isteyen herkesle payla\u015fmak i\u00e7in yola \u00e7\u0131kt\u0131k. Y\u0131llar [&hellip;]<\/p>\n","protected":false},"author":1,"featured_media":0,"parent":0,"menu_order":0,"comment_status":"closed","ping_status":"closed","template":"template-fullwide.php","meta":{"_themeisle_gutenberg_block_has_review":false,"footnotes":""},"class_list":["post-1103","page","type-page","status-publish","hentry"],"_links":{"self":[{"href":"https:\/\/eldergida.com\/index.php\/wp-json\/wp\/v2\/pages\/1103","targetHints":{"allow":["GET"]}}],"collection":[{"href":"https:\/\/eldergida.com\/index.php\/wp-json\/wp\/v2\/pages"}],"about":[{"href":"https:\/\/eldergida.com\/index.php\/wp-json\/wp\/v2\/types\/page"}],"author":[{"embeddable":true,"href":"https:\/\/eldergida.com\/index.php\/wp-json\/wp\/v2\/users\/1"}],"replies":[{"embeddable":true,"href":"https:\/\/eldergida.com\/index.php\/wp-json\/wp\/v2\/comments?post=1103"}],"version-history":[{"count":10,"href":"https:\/\/eldergida.com\/index.php\/wp-json\/wp\/v2\/pages\/1103\/revisions"}],"predecessor-version":[{"id":1300,"href":"https:\/\/eldergida.com\/index.php\/wp-json\/wp\/v2\/pages\/1103\/revisions\/1300"}],"wp:attachment":[{"href":"https:\/\/eldergida.com\/index.php\/wp-json\/wp\/v2\/media?parent=1103"}],"curies":[{"name":"wp","href":"https:\/\/api.w.org\/{rel}","templated":true}]}}